x*((-5)/(-10))/1 a prime number?
True
Is ((-3202955)/(-50) - 2) + (-15)/150 a prime number?
False
Let b be 18 + (3 + 1 - 0). Suppose -1 = 2*n - 2*j - 21, n = 5*j + b. Suppose 6*w - n*w = -131. Is w a prime number?
True
Let j(z) = -18*z + 3 + 14*z**2 - 13*z**2 - 20. Let v be j(19). Suppose w + 2081 = 3*g, 1835 = 4*g + v*w - 943. Is g prime?
False
Let k(g) = -g - 2. Let p(d) be the third derivative of 8*d**4/3 + 79*d**3/6 + 5*d**2. Let v(o) = 2*k(o) + p(o). Is v(14) a prime number?
False
Let c(r) = 104*r + 113. Is c(12) a composite number?
False
Let a(t) = 114*t**2 + 47*t - 88. Is a(25) composite?
False
Is 3 - (9 - -127653)*((-32)/6 + 5) composite?
False
Let v(r) = 3284*r - 40. Let t be v(3). Suppose -38*m - t = -42*m. Is m prime?
False
Let p(w) be the third derivative of -139*w**6/30 - w**5/30 - w**4/4 - 11*w**3/6 + w**2 + 31. Is p(-2) a prime number?
True
Let l(w) = 166 - 128 - 2*w**2 - 36*w + w**2. Let g be l(27). Let v = -26 - g. Is v a composite number?
False
Is ((-1)/(-19))/((-720)/(-4147598160)) prime?
True
Let f(o) = -3*o**3 - 4*o**2 - 3*o - 1. Let r be f(-2). Suppose -4*v = -2*v + 5*n + 5, -2*v - 3*n = 3. Suppose v = -8*h + r*h - 3505. Is h composite?
False
Let j be -5*(1 + (-48)/15). Suppose 10*r - u = j*r - 7035, -4*r + 28144 = 3*u. Is r a composite number?
False
Suppose -5*y + 9555 = 16*d - 14*d, -5*y + 3*d + 9530 = 0. Suppose 0 = c - 2490 - y. Is c prime?
False
Suppose 0 = 8*b - 14*b + 156. Suppose -b*u + 60830 = -20212. Is u a composite number?
True
Is 3678939/264*8 + (-1 - -1 - 4) a prime number?
False
Let f(c) = 2*c**3 - c**2 + 9*c + 1. Let s be f(-3). Is (s/(-2))/(7090/1180 + -6) a prime number?
False
Let d(u) = -u**3 + 8*u**2 - 10*u - 4. Let f be d(6). Let c(o) = 0*o - 9*o**2 + o + 3 - f*o**3 + 15*o + 6*o**3. Is c(-8) prime?
False
Suppose -32847 + 12042 = -5*t. Suppose t = -4*m + 961. Let j = -131 - m. Is j prime?
False
Let o(v) = -v**3 + 10*v**2 - 3*v + 25. Let q be o(10). Let w be (9/2 + q)*8. Is w*((-198)/(-42))/((-12)/21) composite?
True
Let v be (44/10)/((-1)/5). Suppose 1 = -5*i + 6*i, 0 = 4*x + i - 17. Is 314/x - 11/v a prime number?
True
Suppose -93*w + 82*w = -368423. Is w composite?
False
Suppose -31*f + 11915096 = 563795. Is f/221 + 2/17 composite?
False
Let r = -116154 - -413753. Is r a prime number?
False
Is (-1)/((-2)/(-822243))*(-2882)/393 + -4 composite?
False
Let o(p) = -6*p**3 + 31*p**2 - 28*p - 58. Is o(-14) a composite number?
True
Let i(t) = -5537*t - 17. Suppose -4*n - 7 = 2*z - n, 0 = -3*z - 2*n - 8. Is i(z) prime?
True
Suppose 14*i = 180 - 1160. Is (-30033)/(-1) - 28/i*5 a composite number?
True
Let d = 437940 - 111326. Is d composite?
True
Let y(v) = 37*v + 9. Let n be (-592)/(-60) + (-8)/(-60). Let q be y(n). Suppose -x = -0*x - q. Is x a composite number?
False
Suppose -1161*v + 574*v + 4261763 = -576*v. Is v a composite number?
False
Let p(l) = 851*l + 887. Is p(4) a prime number?
False
Let b(u) = -28*u**3 + 3*u + 3. Let w be b(-1). Let a be (6/18)/((-2)/(-3714)). Suppose -27*h - a = -w*h. Is h a composite number?
False
Let v = -649 - -662. Suppose v*c = -6*c + 183445. Is c a prime number?
False
Is 881716 + 30/4*(-54)/(-135) + -8 composite?
False
Let p = 6 + -8. Suppose 0 = -5*m - 4*o - 6 + 38, 4*o = -3*m + 24. Is (-6 - p)*(-671)/m a prime number?
False
Suppose 2*d - 9*i + 5*i - 40 = 0, -d + 4*i = -26. Let n(x) = 14*x + 37. Let a(u) = -u**2 - 13*u - 36. Let m(r) = -6*a(r) - 5*n(r). Is m(d) a composite number?
False
Suppose -123340 = 120*m - 905860. Is m a prime number?
True
Let h = -18 + 27. Let s(m) = 347*m - 1382. Let t be s(4). Is h/t*1434/9 prime?
True
Suppose -3 = 3*x - 15. Suppose x*h + 3551 = 44187. Is h composite?
False
Suppose -661947 = -49*i + 16*i. Is i composite?
True
Let n(x) = 5*x**3 + 11*x + 107 - 51 + x**2 - 52. Let o be n(-3). Let t = o + 1516. Is t composite?
False
Let a = 506 - 1397. Is (a/36 - 1)/(2/(-472)) a prime number?
False
Suppose 8*t = 3*t - 5*r + 464700, -185878 = -2*t - 4*r. Is t prime?
True
Let w be 1*(-2 - 0) - 12. Let u(p) = -2*p + 10*p - 12*p**2 - 5*p**3 + 15 + 6*p + 2*p**3 + 2*p**3. Is u(w) a composite number?
False
Suppose -4*b + 208564 = 4*z, 4*b + 11*z - 6*z = 208558. Is b prime?
True
Suppose 8 = 10*j - 6*j. Suppose j*d + 34340 = -0*u + 5*u, -13722 = -2*u - 2*d. Is u composite?
True
Let y = -55 + 143. Is (17588/(-6))/(y/(-132)) a prime number?
True
Let y(v) = 67734*v - 4651. Is y(7) a composite number?
False
Is (-1 + 2)*((-22740163)/(-111) - (-1)/(-3)) a composite number?
True
Suppose -47*c + 44*c = -2*f - 428835, -5*c + 714724 = -3*f. Is c composite?
True
Suppose 571928 + 1058062 = 54*p. Suppose j + 926 = -2*n + 10991, 0 = -3*j - n + p. Is j composite?
False
Suppose 2*l = -3*l - 70. Let q(y) = 46*y**2 - 9*y - 144. Let s(o) = 9*o**2 - 2*o - 29. Let v(g) = -2*q(g) + 11*s(g). Is v(l) composite?
True
Suppose -37428 = -4*l + 4*r, -7*l + 3*l + 37422 = 2*r. Let n = 321 + l. Is n a prime number?
True
Suppose 8 - 50 = 3*o. Let t be -5 + 37/7 + (-30880)/o. Suppose -4*c + t = 2*f, -1677 = -4*c - 5*f + 520. Is c a prime number?
False
Suppose 8 = 5*t - 22. Suppose 0 = -t*o + 20624 + 1042. Is o composite?
True
Suppose -40*s + 82*s = 34*s + 6974312. Is s prime?
True
Suppose 2*s - 258731 = 328535. Is s a composite number?
False
Let r be (-3)/(-1)*(13 - 12). Suppose 7*d + 4*b = 5*d + 11610, -5*b = r*d - 17414. Is d prime?
False
Let b = -2231515 + 3580806. Is b composite?
True
Let c(t) = t**2 - 2*t - 13. Let y be 1 - 6 - (-2 - (0 - 0)). Let s be c(y). Suppose -3*w + a = -1766, 0*a = s*w - 4*a - 1194. Is w composite?
False
Let r be (-176 + 2)/((-8)/556). Suppose 0 = -4*g + g + r. Let n = -2868 + g. Is n a composite number?
False
Let p(b) = -16483*b + 54. Is p(-1) a composite number?
True
Is 6222555/35 + (-44)/154 a composite number?
False
Let v = 4263 - -31550. Is v a composite number?
True
Let j be (-14)/(-5) - (-3)/15. Suppose -k + 11209 = -3*u, -k - j*u = k - 22382. Is (k/2)/((-27)/(-6) - 4) a prime number?
True
Suppose 28*b + 189845 = 4*l + 33*b, 0 = 5*l - 4*b - 237255. Is l a prime number?
False
Suppose -19*k + 3*d - 26 = -14*k, k + 10 = -d. Is (10708/(-5) - k)*-5 a composite number?
True
Let x(h) = -h**3 + 24*h**2 + 24*h + 11. Let o be 252*((-4)/(-6) + 0). Suppose -5*g - 2*g = -o. Is x(g) composite?
False
Suppose 0 = -2*n - 8*n + 710. Let b(x) = -66*x**2 + 12*x**3 + 0 - n*x**2 + 135*x**2 + 2 - 2*x. Is b(2) composite?
True
Is (-2 - -5)*(-16 - (-472614)/18) prime?
True
Suppose -7*b - 210 + 49 = 0. Let r(m) = 31*m**2 - 7*m + 89. Is r(b) a composite number?
False
Let s(l) = 479*l**3 + 162*l**2 - 6*l + 28. Is s(3) composite?
False
Let k(q) = 30742*q - 4645. Is k(8) a composite number?
False
Let x = 25 - 33. Is (5957 - 73)*(-6)/x prime?
False
Suppose -20 = 4*a, -235*r = -231*r - 4*a - 185064. Is r prime?
True
Let r = -15336 + 32879. Is r a prime number?
False
Let f = 502226 + -233107. Is f a composite number?
True
Let b be 3 - 4 - (-14)/(-2). Let q be (-9)/36 + (-402)/b. Is 12/(-15) + 100890/q prime?
True
Suppose 4*l + 3*x = 4*x + 13, 0 = -2*l + 3*x + 19. Suppose -20 - 8 = -2*p - 2*g, -l*p - 3*g = -31. Suppose p*i - 4001 - 520 = 0. Is i composite?
True
Let y(x) = -8*x**2 - 19*x + 3. Let k(z) = 16*z**2 + 37*z - 7. Let o(v) = 4*k(v) + 7*y(v). Let b = -27 + 21. Is o(b) prime?
True
Let d(l) = l**3 + 9*l**2 - 38*l - 21. Let o be d(-12). Suppose 0*c - 851 = -4*c + j, -c = o*j - 229. Is c composite?
True
Let k(o) = -31*o + 8*o + 10*o + 27 + 15*o + 19*o**2. Is k(8) a prime number?
True
Let u = -62 - -63. Let d be 8556/12 - 3/u. Let k = d - -369. Is k a prime number?
False
Let z(t) = 315*t**2 + 6*t + 2 + 33*t**2 + 133*t**2. Is z(-3) prime?
False
Let o(n) = -n + 13. Let u = -87 + 101. Let k be o(u). Let j(z) = -900*z**3 - 2*z**2 - z. Is j(k) a prime number?
False
Suppose -5*h + 389767 = 2*c, -2*c + 12888 + 376816 = -2*h. Is c a prime number?
True
Suppose k = 1, -3*k - 8861 = -2*v - 6*k. Suppose -5*l - 4433 = -4*t, t = -3*t + l + v. Suppose -809 = -4*n + t. Is n a prime number?
True
Suppose 14 = 2*i, 10*d = 9*d + i + 355410. Is d a prime number?
True
Let s(n) = -22*n**2 + 8. Let h(b) = b**2 - 1. Let x(z) = -5*h(z) - s(z). Suppose -3692*l + 22 = -3681*l. Is x(l) prime?
False
Suppose -14*q + 8*q - 1506 = 0. Let t = -133 - q. Is t composite?
True
Suppose -179500 = -5*n + 3*o - 2*o, -25 = -5